ist the prime factors of 272528.
2, 17033
List the prime factors of 25996380.
2, 3, 5, 283, 1531
List the prime factors of 273401.
23, 11887
List the prime factors of 446900.
2, 5, 41, 109
List the prime factors of 56047.
41, 1367
List the prime factors of 9597.
3, 7, 457
List the prime factors of 24070635.
3, 5, 178301
What are the prime factors of 3954293?
7, 564899
What are the prime factors of 350194?
2, 13, 13469
What are the prime factors of 1000026?
2, 3, 6173
List the prime factors of 1054206.
2, 3, 58567
List the prime factors of 14750925.
3, 5, 7, 28097
List the prime factors of 83832.
2, 3, 7, 499
List the prime factors of 1041318.
2, 3, 17, 41, 83
What are the prime factors of 6757751?
7, 11, 13, 43, 157
List the prime factors of 740163.
3, 17, 23, 631
List the prime factors of 2341794.
2, 3, 7, 13, 4289
List the prime factors of 426238.
2, 213119
What are the prime factors of 549600?
2, 3, 5, 229
List the prime factors of 7711126.
2, 31, 277, 449
List the prime factors of 12472304.
2, 13, 61, 983
List the prime factors of 416716.
2, 104179
List the prime factors of 340917.
3, 19, 5981
What are the prime factors of 2663787?
3, 7, 18121
List the prime factors of 959116.
2, 239779
List the prime factors of 305197.
19, 16063
What are the prime factors of 182398?
2, 91199
List the prime factors of 100360.
2, 5, 13, 193
What are the prime factors of 5977619?
5977619
What are the prime factors of 1809396?
2, 3, 50261
List the prime factors of 1560574.
2, 780287
What are the prime factors of 4245146?
2, 2122573
List the prime factors of 1952462.
2, 976231
What are the prime factors of 3765103?
61, 61723
What are the prime factors of 35351049?
3, 11783683
List the prime factors of 2657289.
3, 31, 28573
List the prime factors of 20867793.
3, 317, 21943
List the prime factors of 2740424.
2, 342553
List the prime factors of 16506036.
2, 3, 458501
List the prime factors of 1546750.
2, 5, 23, 269
What are the prime factors of 5703998?
2, 71, 40169
What are the prime factors of 19401359?
19401359
List the prime factors of 161405.
5, 19, 1699
List the prime factors of 82129.
82129
What are the prime factors of 1592574?
2, 3, 433, 613
What are the prime factors of 22214188?
2, 5553547
What are the prime factors of 263559?
3, 87853
List the prime factors of 7859025.
3, 5, 3881
What are the prime factors of 6624747?
3, 17, 283
List the prime factors of 364654.
2, 41, 4447
What are the prime factors of 306229?
7, 11, 41, 97
List the prime factors of 6390454.
2, 7, 456461
List the prime factors of 3321037.
3321037
List the prime factors of 12579215.
5, 11, 228713
List the prime factors of 26229290.
2, 5, 47, 55807
List the prime factors of 2480603.
977, 2539
List the prime factors of 323574.
2, 3, 199, 271
What are the prime factors of 387875?
5, 29, 107
List the prime factors of 647648.
2, 37, 547
What are the prime factors of 25826491?
19, 521, 2609
List the prime factors of 3713859.
3, 412651
List the prime factors of 14247274.
2, 359, 19843
List the prime factors of 3695109.
3, 11, 111973
What are the prime factors of 1398448?
2, 87403
List the prime factors of 1054135.
5, 210827
What are the prime factors of 407483?
407483
What are the prime factors of 140018?
2, 70009
List the prime factors of 12021068.
2, 3005267
List the prime factors of 181577.
11, 17, 971
What are the prime factors of 1779337?
7, 36313
What are the prime factors of 551900?
2, 5, 5519
List the prime factors of 246817.
246817
List the prime factors of 2182957.
7, 197, 1583
List the prime factors of 196855.
5, 39371
What are the prime factors of 271680?
2, 3, 5, 283
What are the prime factors of 181066?
2, 90533
List the prime factors of 124377.
3, 11, 3769
List the prime factors of 415743.
3, 138581
What are the prime factors of 3887645?
5, 17, 45737
What are the prime factors of 14636593?
19, 311, 2477
List the prime factors of 467478.
2, 3, 11, 787
What are the prime factors of 97045?
5, 13, 1493
List the prime factors of 409221.
3, 41, 1109
What are the prime factors of 2706920?
2, 5, 31, 37, 59
What are the prime factors of 518054?
2, 19, 13633
What are the prime factors of 534312?
2, 3, 41, 181
What are the prime factors of 20909904?
2, 3, 435623
List the prime factors of 3304203.
3, 7, 23, 6841
List the prime factors of 80665.
5, 13, 17, 73
What are the prime factors of 6739900?
2, 5, 67399
List the prime factors of 24858.
2, 3, 1381
List the prime factors of 9467275.
5, 378691
What are the prime factors of 140195?
5, 11, 2549
List the prime factors of 475331.
475331
What are the prime factors of 12702254?
2, 6351127
What are the prime factors of 9892605?
3, 5, 281, 2347
What are the prime factors of 3968911?
29, 136859
List the prime factors of 30012595.
5, 6002519
What are the prime factors of 2937484?
2, 11, 101, 661
What are the prime factors of 16671328?
2, 307, 1697
What are the prime factors of 407198?
2, 11, 83, 223
List the prime factors of 8994093.
3, 2998031
What are the prime factors of 88346?
2, 163, 271
List the prime factors of 162750.
2, 3, 5, 7, 31
List the prime factors of 1323953.
97, 13649
List the prime factors of 38368028.
2, 9592007
What are the prime factors of 1527378?
2, 3, 277, 919
What are the prime factors of 31156?
2, 7789
What are the prime factors of 829808?
2, 7, 31, 239
List the prime factors of 1718705.
5, 263, 1307
What are the prime factors of 42189?
3, 7, 41
What are the prime factors of 4112012?
2, 1028003
What are the prime factors of 34228801?
409, 83689
What are the prime factors of 226935?
3, 5, 41
What are the prime factors of 422970?
2, 3, 5, 23, 613
What are the prime factors of 18455301?
3, 2050589
List the prime factors of 15402265.
5, 41, 75133
List the prime factors of 265581.
3, 23, 1283
List the prime factors of 231181.
151, 1531
What are the prime factors of 835086?
2, 3, 7, 59, 337
What are the prime factors of 158462?
2, 79231
What are the prime factors of 2416873?
17, 142169
What are the prime factors of 7371846?
2, 3, 17, 24091
List the prime factors of 3736861.
3736861
List the prime factors of 7355591.
7355591
What are the prime factors of 40838?
2, 7, 2917
What are the prime factors of 1000554?
2, 3, 37, 4507
List the prime factors of 1465895.
5, 293179
List the prime factors of 583376.
2, 19, 101
What are the prime factors of 6264120?
2, 3, 5, 52201
List the prime factors of 2186886.
2, 3, 13, 23, 53
List the prime factors of 96196.
2, 24049
What are the prime factors of 1496183?
13, 71, 1621
What are the prime factors of 7029529?
13, 31, 17443
What are the prime factors of 751701?
3, 331, 757
What are the prime factors of 1526390?
2, 5, 152639
List the prime factors of 47659.
47659
What are the prime factors of 1659106?
2, 41, 20233
What are the prime factors of 1270011?
3, 349, 1213
What are the prime factors of 12652443?
3, 181, 863
List the prime factors of 2274498.
2, 3, 17, 7433
List the prime factors of 10893580.
2, 5, 353, 1543
List the prime factors of 4066164.
2, 3, 179, 631
List the prime factors of 42646891.
7, 857, 7109
What are the prime factors of 151594?
2, 75797
List the prime factors of 196250.
2, 5, 157
List the prime factors of 3388960.
2, 5, 59, 359
List the prime factors of 210488.
2, 83, 317
List the prime factors of 9103844.
2, 2275961
List the prime factors of 4595160.
2, 3, 5, 149, 257
List the prime factors of 5806793.
101, 57493
List the prime factors of 15201289.
89, 170801
List the prime factors of 450091.
19, 23689
What are the prime factors of 31936?
2, 499
List the prime factors of 1358324.
2, 11, 30871
What are the prime factors of 3533909?
17, 207877
What are the prime factors of 142025?
5, 13, 19, 23
List the prime factors of 639947.
7, 11, 8311
What are the prime factors of 147077?
7, 21011
List the prime factors of 173989.
257, 677
List the prime factors of 689268.
2, 3, 71, 809
What are the prime factors of 3028588?
2, 41, 59, 313
List the prime factors of 1882573.
7, 11, 23, 1063
What are the prime factors of 3255167?
23, 141529
What are the prime factors of 133153?
133153
List the prime factors of 1995790.
2, 5, 109, 1831
What are the prime factors of 1779753?
3, 593251
What are the prime factors of 13010570?
2, 5, 1301057
What are the prime factors of 181197?
3, 22